 p(-1). Let g be (0/2)/(1 - 4/b). Suppose g*l + 4088 = 3*m - l, -m - 5*l + 1336 = 0. Is m composite?
False
Let h = -86254 - -154605. Is h a composite number?
False
Let x(b) = -3*b**3 + 8*b**2 + 12*b + 5. Suppose 11*r - 3*r = -48. Is x(r) a composite number?
True
Let g(s) = s**2 + 12*s - 69. Let a be g(4). Is (-1151)/a*8*(-75)/(-120) prime?
True
Let z = 5441 - 1819. Let x = -174 + 176. Suppose 0*m + m + k = 1796, -x*m + 4*k = -z. Is m a prime number?
True
Let h be (0/(-1))/(-3*8/12). Suppose -3*o - l - 30 = 18, 5*o - 5*l + 100 = h. Is 3 - o*(-164)/(-2) a prime number?
False
Let c(l) = -10 - 785*l - 211*l + 17. Is c(-5) a prime number?
True
Let v be -1 - -1 - 2 - 35/(-5). Let m(p) = -133*p**3 + 128*p**3 - v*p + 0*p + 1 - 8*p**2. Is m(-5) a composite number?
True
Suppose 3*y + 8*y = 7*y. Let q(l) = -l**2 + 2*l + 2449. Is q(y) a prime number?
False
Let j be 28/(-70) + (-17)/(-5). Suppose 18737 = j*c - 2434. Is c prime?
True
Suppose -5*f = -2*m - 9*f + 201454, -4*f + 402920 = 4*m. Is m a composite number?
False
Let a be 76/8 + 5/10. Let w(h) = -18*h + 4*h + 37 + a*h + 6. Is w(0) composite?
False
Suppose -6895 = -20*u + 4605. Let v = u - 360. Is v a composite number?
True
Is (2 - 0) + (170/6)/((-27)/(-55809)) prime?
True
Let g be 11946 + -2 + (-24)/4. Let z = g - -12421. Is z a prime number?
True
Let d(p) = -p**3 - 11*p**2 + 13*p + 15. Let c be d(-12). Suppose 0 = 5*j - c*s - 1607, -335 = -j - 7*s + 11*s. Is j a prime number?
False
Let r = -124 + -99. Let g = r + 350. Is g prime?
True
Suppose -3*j + 7 + 5 = 0. Let p be j/7 + (-119)/(-49). Let a(r) = 10*r**3 - 2*r**2 - r + 2. Is a(p) prime?
True
Let v = -23 + 30. Suppose -v*q = -q - 5994. Suppose -t = -4*n + q, 0*n - 266 = -n - 3*t. Is n a prime number?
True
Suppose -15*b + 3466 = 76. Let a be (-2 - -1*4) + 21. Let u = b - a. Is u prime?
False
Let g(v) = v**2 - 1. Let d(y) = -y**3 + 3*y**2 - 8*y + 14. Let q(c) = -d(c) - 3*g(c). Let t be q(5). Is 70/(-15)*(-174)/t composite?
True
Let m(w) = w**3 + 40*w**2 + 2. Let x be m(-40). Is ((-46)/138)/(x/(-37482)) composite?
False
Let f(b) = -b**2 - b + 14. Let r be f(-3). Let v be 32/10*(4 - 44). Is 6/r + (-7)/4 - v a composite number?
False
Let j(m) = 3*m + 5. Suppose -2*l + 1 - 6 = -3*n, 5*n + 5 = 0. Let a be j(l). Let t(u) = 2*u**2 + 11*u + 10. Is t(a) a composite number?
False
Suppose 2*i - 3*i + 5*y - 176 = 0, 5*y + 604 = -4*i. Let q = i - -1849. Is q composite?
False
Suppose -4*v - 28271 - 9189 = 0. Let f = v + 20806. Suppose 0 = 22*m - 5*m - f. Is m a composite number?
False
Let k(r) = 1241*r**2 - 100*r - 1238. Is k(-13) a prime number?
False
Let h(s) = -s**3 - 2*s**2 + 2*s - 1. Let q be h(-3). Suppose 2*n - 3 = m, q*m = 6*m + 5*n + 51. Let l(w) = 2*w**2 + 4*w - 11. Is l(m) prime?
False
Is 1/10 - 3841847090/(-10100) composite?
True
Let m(h) = 448*h + 1. Suppose 5*b = 3*b + 6. Let f(s) = s**3 - 2*s**2 - 2*s - 2. Let o be f(b). Is m(o) a composite number?
False
Let b = -726 - -2689. Suppose -4*d + 34 = -18. Suppose 364 = d*g - b. Is g a composite number?
False
Suppose 29*s - 467962 = 765758 - 266077. Is s prime?
False
Let i(w) = -8476*w**2 + 3. Let h be i(-1). Let d = h - -13454. Is d composite?
True
Is ((552201/(-18))/13)/((-79)/13746) prime?
False
Suppose 0 = -4*k - 309 - 243. Let p = k + 265. Suppose -l + 52 = 5*j - 601, 0 = j + 2*l - p. Is j composite?
False
Suppose -5*p - 2*a = -53429 - 389450, 0 = -4*p - 4*a + 354296. Is p composite?
True
Let u(c) = -3*c - 105. Let p be u(-31). Is (p + 4 + 4)*1987/(-4) composite?
False
Let a(x) = -6*x**2 - 85*x - 16. Let n be a(-14). Is (-20)/5 - (-21685 + n) a composite number?
False
Let n(a) be the third derivative of 10*a**2 + 4/15*a**5 + 0*a + 19/6*a**3 + 19/24*a**4 - 1/120*a**6 + 0. Is n(17) a composite number?
False
Suppose x = 2*b + 5*x - 746, -3*b - x = -1099. Let c = 2868 - b. Is c composite?
False
Let c = 925786 - -399363. Is c prime?
False
Suppose -a + 7717 + 29610 = -2*x, -a - 4*x = -37345. Is a a prime number?
False
Let i(r) = 30*r**2 - 38*r + 183. Is i(20) prime?
True
Suppose -4*v - 22 = -5*t - 0*v, -5*v = 15. Suppose 0*w + 646 = -t*w. Let g = w - -525. Is g a composite number?
True
Let x = 318711 - 70810. Is x a prime number?
True
Let h = 20 - 17. Suppose 4*i + 0*i = 2*d + 18, i = -2*d - h. Suppose 3*g - 318 = g + 4*y, 0 = 3*g - i*y - 483. Is g prime?
True
Let c(p) = -266*p**3 - 9*p**2 - 3*p + 7. Suppose -12 = -7*u - 33. Let b be c(u). Suppose -6*l = -b - 8009. Is l prime?
True
Let l(q) = -8*q - 4. Let p be l(-1). Suppose p*y + 4 = 6*y. Suppose y*o = n - 628, -1893 = -3*n + 2*o + o. Is n prime?
False
Let c = -99 - -106. Suppose 16 = -c*z + 11*z. Suppose 0*v + z*v + 5*n = 21397, -3*v - n = -16056. Is v a composite number?
True
Let d(g) = -2034*g + 599. Is d(-10) prime?
True
Let q(d) = -52*d + 354. Let v be q(32). Let u = v + 3331. Is u composite?
True
Suppose 4725 = -j + 14632. Suppose 5*d + 4*c = 12383, -4*d - c = 2*c - j. Suppose -3*x + 458 + d = 0. Is x a prime number?
False
Suppose 2*g + 263 - 325 = 0. Suppose 0 = -c - g + 282. Is c prime?
True
Let u(d) = -32*d**3 + 3*d**2 - 4*d + 6. Let k be u(2). Let i = -128 - k. Suppose -1047 - i = -5*q. Is q a prime number?
True
Let d = -37 - -39. Is 885/(6 - (d + 1)) a prime number?
False
Let p = 22040 + 19509. Is p composite?
False
Is ((-1314575)/125)/((-1)/5) prime?
True
Suppose 0 = -2*h - 5*h + 329. Let g be 12/(-3) - -6 - h. Let y = 628 - g. Is y a composite number?
False
Let n be (44/55)/((-2)/295). Let x = n + 173. Suppose i + 220 = 4*u + 6*i, -3*i = u - x. Is u composite?
True
Let s = -104192 + 369489. Is s prime?
False
Let g be 12*848 + (7 + -1)/(-2). Let b = -6656 + g. Is (-2)/(-4) + b/2 composite?
False
Suppose -16*h = 134145 - 1105649. Is h a prime number?
True
Is 9 - (-2 + -28718) - (0/5)/4 a composite number?
False
Let p be (-12)/15 - 21294/45. Let h = -398 - -87. Let q = h - p. Is q composite?
False
Let u be (-1)/(-6) + 1325/150. Suppose -u*l + 5*f = -5*l - 5434, 3*l - 4*f - 4075 = 0. Is l a composite number?
False
Let j be ((-108)/(-48))/(1/4). Let v(k) = -12 + j + 34*k - 16. Is v(12) composite?
False
Let v be -3428 + (3 + -2)/1. Is v/46*-1*22 a composite number?
True
Suppose 3*a + 2*u + u = -7461, 5*u - 2463 = a. Suppose 15*o - 18*o - 2*y - 15032 = 0, 2*y - 5024 = o. Let j = a - o. Is j a prime number?
True
Let v(o) = -2991*o + 296. Is v(-33) a composite number?
False
Let r(z) = -z**3 + 11*z**2 - 12*z - 10. Let c be r(9). Suppose -7*u + c = 121. Let b = 76 + u. Is b a composite number?
True
Let m = 1805 - 1248. Let r be -3*(-4)/6 + (-123 - -1). Let k = m + r. Is k prime?
False
Suppose 0 = -25*w + 128552 + 607473. Is w a composite number?
True
Let q(a) = -123*a**3 - 2*a**2 + a - 13. Let n(l) = -245*l**3 - 4*l**2 + 4*l - 26. Let u(b) = -2*n(b) + 5*q(b). Is u(-3) prime?
False
Let w = -162473 + 2022300. Is w a composite number?
False
Let x(q) = 62*q**2 + q + 7. Let a = 16 + 40. Let v = -52 + a. Is x(v) prime?
False
Let y(d) = -918*d**3 - d**2 - 2*d - 2. Suppose p = j - 2, -2*p + 4*j - 8 = -6*p. Let v = p - 1. Is y(v) prime?
False
Let j = -4500 - -7856. Suppose 2*w + 6 = 4*w. Suppose w*p + 209 = j. Is p composite?
False
Let l(h) = -88*h**3 + 21*h**2 + 237*h + 41. Is l(-11) prime?
False
Let s be (-70)/4*20/25. Is s/7*(3411/6)/(-3) a composite number?
False
Suppose -v = 3*n - 12 + 1, -5*n = -4*v - 7. Suppose 3*f - 7*f + 4*d = -25940, 19455 = n*f + 4*d. Is f composite?
True
Let f = 24325 - 7982. Suppose -3055 = 8*g - f. Suppose 7*y - g = 2784. Is y a composite number?
True
Let n = 147 - 107. Suppose 32*b - n*b = -33416. Is b composite?
False
Let a be (-15)/(-135) + (-44)/(-9). Let c be (-9)/((-40)/32*(-1)/a). Let l = 215 + c. Is l prime?
True
Suppose 0 = 2*d + 3*d + 1335. Let j = -1107 + 619. Let n = d - j. Is n a composite number?
True
Let b(p) = 2969*p - 8. Let c be b(1). Suppose 0 = -4*y - 4*x - c - 2395, 3*x = -5*y - 6699. Let q = y + 2108. Is q a composite number?
True
Let b be (-12)/(-42) - (-1 - 48945/21). Is (b/198)/(3/27) a prime number?
False
Let k = -766466 - -1275631. Is k a prime number?
False
Suppose 0 = -5*b - 3*d + 46, 6*b - 2*b + 4*d - 40 = 0. Suppose 873 = b*m - 2463. Is m a composite number?
True
Let o = -124779 - -242752. Is o prime?
True
Let m = 2717 - 1247. Let n = 1353 + m. Is n a composite number?
True
Let f = 37 + -34. Su